en 3092 is divided by 19.
14
Calculate the remainder when 7049 is divided by 41.
38
Calculate the remainder when 9133 is divided by 1521.
7
Calculate the remainder when 705370 is divided by 1375.
1370
Calculate the remainder when 3945 is divided by 140.
25
Calculate the remainder when 505447 is divided by 275.
272
What is the remainder when 48578 is divided by 28?
26
What is the remainder when 33681 is divided by 24?
9
What is the remainder when 987238 is divided by 718?
706
Calculate the remainder when 23147 is divided by 7708.
23
What is the remainder when 6942 is divided by 3447?
48
What is the remainder when 27277 is divided by 1139?
1080
Calculate the remainder when 28921 is divided by 2408.
25
What is the remainder when 668983 is divided by 861?
847
Calculate the remainder when 4953 is divided by 48.
9
What is the remainder when 766 is divided by 111?
100
What is the remainder when 1475211 is divided by 39?
36
What is the remainder when 10221 is divided by 193?
185
What is the remainder when 126405 is divided by 23?
20
What is the remainder when 5643 is divided by 1872?
27
What is the remainder when 1200617 is divided by 692?
689
Calculate the remainder when 33493 is divided by 2774.
205
What is the remainder when 64261 is divided by 32100?
61
Calculate the remainder when 212 is divided by 169.
43
Calculate the remainder when 3279 is divided by 252.
3
Calculate the remainder when 60307 is divided by 483.
415
Calculate the remainder when 7256 is divided by 42.
32
Calculate the remainder when 10184 is divided by 97.
96
What is the remainder when 4648 is divided by 50?
48
What is the remainder when 1212 is divided by 393?
33
Calculate the remainder when 1307 is divided by 381.
164
What is the remainder when 68198 is divided by 537?
536
Calculate the remainder when 9897 is divided by 534.
285
Calculate the remainder when 20790 is divided by 671.
660
Calculate the remainder when 4584 is divided by 136.
96
What is the remainder when 3804 is divided by 778?
692
Calculate the remainder when 77008 is divided by 170.
168
Calculate the remainder when 8795 is divided by 68.
23
Calculate the remainder when 17242 is divided by 230.
222
What is the remainder when 734 is divided by 82?
78
What is the remainder when 18782 is divided by 153?
116
What is the remainder when 6983 is divided by 1287?
548
Calculate the remainder when 186 is divided by 170.
16
What is the remainder when 2552 is divided by 416?
56
What is the remainder when 41905 is divided by 20931?
43
Calculate the remainder when 5445 is divided by 720.
405
Calculate the remainder when 36941 is divided by 58.
53
What is the remainder when 87503 is divided by 18?
5
Calculate the remainder when 27102 is divided by 9033.
3
Calculate the remainder when 439501 is divided by 9.
4
What is the remainder when 1287 is divided by 266?
223
What is the remainder when 3626139 is divided by 752?
747
Calculate the remainder when 20345 is divided by 463.
436
What is the remainder when 8128 is divided by 94?
44
Calculate the remainder when 20437 is divided by 1375.
1187
What is the remainder when 13652 is divided by 75?
2
Calculate the remainder when 3466 is divided by 83.
63
What is the remainder when 16813 is divided by 244?
221
What is the remainder when 558704 is divided by 7?
6
Calculate the remainder when 2217 is divided by 74.
71
What is the remainder when 11291 is divided by 332?
3
Calculate the remainder when 27861 is divided by 2.
1
Calculate the remainder when 2058838 is divided by 798.
796
Calculate the remainder when 1635740 is divided by 1289.
1288
Calculate the remainder when 2052 is divided by 539.
435
Calculate the remainder when 1496 is divided by 564.
368
What is the remainder when 35345 is divided by 49?
16
What is the remainder when 104502 is divided by 34657?
531
What is the remainder when 1905 is divided by 45?
15
What is the remainder when 1776 is divided by 52?
8
What is the remainder when 587448 is divided by 1182?
1176
What is the remainder when 71170 is divided by 21?
1
Calculate the remainder when 13703 is divided by 46.
41
What is the remainder when 34459 is divided by 39?
22
What is the remainder when 141502 is divided by 12?
10
Calculate the remainder when 23285 is divided by 22.
9
What is the remainder when 1075 is divided by 43?
0
What is the remainder when 268245 is divided by 19160?
5
What is the remainder when 14997 is divided by 4994?
15
Calculate the remainder when 143509 is divided by 151.
59
What is the remainder when 148165 is divided by 11393?
56
What is the remainder when 33184 is divided by 143?
8
What is the remainder when 19594 is divided by 194?
0
What is the remainder when 806 is divided by 732?
74
What is the remainder when 6784 is divided by 295?
294
What is the remainder when 12038 is divided by 4012?
2
What is the remainder when 28479 is divided by 211?
205
What is the remainder when 641014 is divided by 13354?
22
What is the remainder when 21831 is divided by 397?
393
Calculate the remainder when 3033 is divided by 280.
233
Calculate the remainder when 6064 is divided by 468.
448
Calculate the remainder when 216393 is divided by 3182.
17
Calculate the remainder when 962 is divided by 194.
186
What is the remainder when 10093 is divided by 1160?
813
What is the remainder when 29349 is divided by 1327?
155
What is the remainder when 1050 is divided by 217?
182
What is the remainder when 13766 is divided by 30?
26
What is the remainder when 85967 is divided by 88?
79
Calculate the remainder when 16237 is divided by 63.
46
What is the remainder when 12617 is divided by 1146?
11
What is the remainder when 280735 is divided by 4?
3
Calculate the remainder when 2048 is divided by 588.
284
Calculate the remainder when 214284 is divided by 96.
12
Calculate the remainder when 1706 is divided by 4.
2
Calculate the remainder when 9668 is divided by 484.
472
Calculate the remainder when 2401 is divided by 231.
91
Calculate the remainder when 671064 is divided by 111844.
0
What is the remainder when 8934 is divided by 689?
666
What is the remainder when 16421 is divided by 69?
68
Calculate the remainder when 7177 is divided by 277.
252
Calculate the remainder when 945 is divided by 186.
15
Calculate the remainder when 15077 is divided by 837.
11
What is the remainder when 20326 is divided by 1847?
9
What is the remainder when 20791 is divided by 46?
45
Calculate the remainder when 22987 is divided by 38.
35
Calculate the remainder when 7571 is divided by 323.
142
What is the remainder when 85797 is divided by 143?
140
Calculate the remainder when 879 is divided by 127.
117
Calculate the remainder when 116684 is divided by 136.
132
Calculate the remainder when 85189 is divided by 7098.
13
What is the remainder when 9071 is divided by 101?
82
What is the remainder when 148241 is divided by 148220?
21
What is the remainder when 7019 is divided by 108?
107
What is the remainder when 2909 is divided by 151?
40
Calculate the remainder when 112428 is divided by 6.
0
Calculate the remainder when 22806 is divided by 278.
10
What is the remainder when 200778 is divided by 468?
6
What is the remainder when 14104 is divided by 69?
28
What is the remainder when 679 is divided by 665?
14
What is the remainder when 13310 is divided by 42?
38
Calculate the remainder when 11323 is divided by 161.
53
What is the remainder when 135906 is divided by 1387?
1367
What is the remainder when 2951 is divided by 121?
47
What is the remainder when 1940460 is divided by 185?
180
What is the remainder when 227642 is divided by 46?
34
What is the remainder when 14585 is divided by 7255?
75
Calculate the remainder when 1944822 is divided by 648273.
3
What is the remainder when 1659 is divided by 324?
39
Calculate the remainder when 97459 is divided by 22.
21
What is the remainder when 26073 is divided by 927?
117
What is the remainder when 2822 is divided by 2475?
347
Calculate the remainder when 2366 is divided by 70.
56
What is the remainder when 2217 is divided by 247?
241
Calculate the remainder when 23682 is divided by 1578.
12
Calculate the remainder when 2669 is divided by 138.
47
What is the remainder when 4035701 is divided by 94?
93
Calculate the remainder when 26543 is divided by 27.
2
C